{"id":817,"date":"2021-06-07T19:39:54","date_gmt":"2021-06-07T17:39:54","guid":{"rendered":"https:\/\/crkdrpaysdelaloire.wordpress.com\/?page_id=817"},"modified":"2022-12-11T22:21:50","modified_gmt":"2022-12-11T21:21:50","slug":"historique-nationaux","status":"publish","type":"page","link":"https:\/\/crkdrpaysdelaloire.fr\/index.php\/historique-nationaux\/","title":{"rendered":"R\u00e9sultats Nationaux Ia\u00efdo"},"content":{"rendered":"\n<h4 class=\"wp-block-heading\">R\u00e9sultat en championnat de France :<\/h4>\n\n\n\n<h6 class=\"wp-block-heading\"><em>2015 :<\/em><\/h6>\n\n\n\n<ul class=\"wp-block-list\">\n<li>Rubens P\u00e9renn\u00e8s (Suishinka\u00ef Dojo), Shodan, Or<\/li>\n\n\n\n<li>Didier Brunes, Nidan (AKI Angers), Bronze<\/li>\n\n\n\n<li>Hiromi Ando (Suishinka\u00ef Dojo), Sandan, Or<\/li>\n\n\n\n<li>\u00c9quipe Suishinka\u00ef Dojo, Argent<\/li>\n<\/ul>\n\n\n\n<h6 class=\"wp-block-heading\"><em>2016 <\/em>:<\/h6>\n\n\n\n<ul class=\"wp-block-list\">\n<li>Cl\u00e9ment Humeau (Suishinka\u00ef Dojo), Shodan, Argent<\/li>\n\n\n\n<li>Yoann Arrouet (Suishinka\u00ef Dojo), Shodan, Bronze<\/li>\n\n\n\n<li>Rubens P\u00e9renn\u00e8s (Suishinka\u00ef Dojo), Nidan, Or<\/li>\n\n\n\n<li>Franck Harou (JKCF), Nidan, Bronze<\/li>\n\n\n\n<li>Hiromi Ando (Suishinka\u00ef Dojo), Yondan, Argent<\/li>\n\n\n\n<li>\u00c9quipe Suishinka\u00ef Dojo, Or<\/li>\n<\/ul>\n\n\n\n<h6 class=\"wp-block-heading\"><em>2017 :<\/em><\/h6>\n\n\n\n<ul class=\"wp-block-list\">\n<li>Mazen El Mohamad (Suishinka\u00ef Dojo), Shodan, Or<\/li>\n\n\n\n<li>Yoann Arrouet (Suishinka\u00ef Dojo), Shodan, Bronze<\/li>\n\n\n\n<li>Hiromi Ando (Suishinka\u00ef Dojo), Yondan, Or<\/li>\n\n\n\n<li>\u00c9quipe Suishinka\u00ef Dojo, Or<\/li>\n<\/ul>\n\n\n\n<h6 class=\"wp-block-heading\"><em>2018 <\/em>:<\/h6>\n\n\n\n<ul class=\"wp-block-list\">\n<li>Rubens P\u00e9renn\u00e8s (Suishinka\u00ef Dojo), Nidan, Or<\/li>\n\n\n\n<li>Mathilde B\u00e9amonte (Suishinka\u00ef Dojo), Nidan, Argent<\/li>\n\n\n\n<li>Alexandre Poloni, Sandan (JKCF), Bronze<\/li>\n\n\n\n<li>Hiromi Ando (Suishinka\u00ef Dojo), Yondan, Or<\/li>\n\n\n\n<li>\u00c9quipe Suishinka\u00ef Dojo, Or<\/li>\n<\/ul>\n\n\n\n<h6 class=\"wp-block-heading\"><em>2019 :<\/em><\/h6>\n\n\n\n<ul class=\"wp-block-list\">\n<li>Mathilde B\u00e9amonte (Suishinka\u00ef Dojo), Nidan, Or<\/li>\n\n\n\n<li>Yoann Arrouet (Suishinka\u00ef Dojo), Nidan, Bronze<\/li>\n\n\n\n<li>Rodolphe Sampieri (Suishinka\u00ef Dojo), Godan, Argent<\/li>\n<\/ul>\n\n\n\n<h6 class=\"wp-block-heading\"><em>2022 :<\/em><\/h6>\n\n\n\n<ul class=\"wp-block-list\">\n<li>Jean-Baptiste Hue (Suishinka\u00ef Dojo), Mudan, Or<\/li>\n\n\n\n<li>Alexandre Poloni (JKCF), Sandan, Bronze<\/li>\n<\/ul>\n\n\n\n<p><\/p>\n\n\n\n<p><\/p>\n","protected":false},"excerpt":{"rendered":"<p>R\u00e9sultat en championnat de France : 2015 : 2016 : 2017 : 2018 : 2019 : 2022 :<\/p>\n","protected":false},"author":2,"featured_media":0,"parent":0,"menu_order":0,"comment_status":"closed","ping_status":"closed","template":"","meta":{"footnotes":""},"class_list":["post-817","page","type-page","status-publish","hentry","entry"],"yoast_head":"<!-- This site is optimized with the Yoast SEO plugin v27.4 - https:\/\/yoast.com\/product\/yoast-seo-wordpress\/ -->\n<title>R\u00e9sultats Nationaux Ia\u00efdo -<\/title>\n<meta name=\"robots\" content=\"index, follow, max-snippet:-1, max-image-preview:large, max-video-preview:-1\" \/>\n<link rel=\"canonical\" href=\"http:\/\/crkdrpaysdelaloire.fr\/index.php\/historique-nationaux\/\" \/>\n<meta property=\"og:locale\" content=\"fr_FR\" \/>\n<meta property=\"og:type\" content=\"article\" \/>\n<meta property=\"og:title\" content=\"R\u00e9sultats Nationaux Ia\u00efdo -\" \/>\n<meta property=\"og:description\" content=\"R\u00e9sultat en championnat de France : 2015 : 2016 : 2017 : 2018 : 2019 : 2022 :\" \/>\n<meta property=\"og:url\" content=\"http:\/\/crkdrpaysdelaloire.fr\/index.php\/historique-nationaux\/\" \/>\n<meta property=\"article:publisher\" content=\"https:\/\/www.facebook.com\/crkdr.paysdelaloire\/\" \/>\n<meta property=\"article:modified_time\" content=\"2022-12-11T21:21:50+00:00\" \/>\n<meta name=\"twitter:card\" content=\"summary_large_image\" \/>\n<meta name=\"twitter:label1\" content=\"Dur\u00e9e de lecture estim\u00e9e\" \/>\n\t<meta name=\"twitter:data1\" content=\"1 minute\" \/>\n<script type=\"application\/ld+json\" class=\"yoast-schema-graph\">{\"@context\":\"https:\\\/\\\/schema.org\",\"@graph\":[{\"@type\":\"WebPage\",\"@id\":\"http:\\\/\\\/crkdrpaysdelaloire.fr\\\/index.php\\\/historique-nationaux\\\/\",\"url\":\"http:\\\/\\\/crkdrpaysdelaloire.fr\\\/index.php\\\/historique-nationaux\\\/\",\"name\":\"R\u00e9sultats Nationaux Ia\u00efdo -\",\"isPartOf\":{\"@id\":\"https:\\\/\\\/crkdrpaysdelaloire.fr\\\/#website\"},\"datePublished\":\"2021-06-07T17:39:54+00:00\",\"dateModified\":\"2022-12-11T21:21:50+00:00\",\"breadcrumb\":{\"@id\":\"http:\\\/\\\/crkdrpaysdelaloire.fr\\\/index.php\\\/historique-nationaux\\\/#breadcrumb\"},\"inLanguage\":\"fr-FR\",\"potentialAction\":[{\"@type\":\"ReadAction\",\"target\":[\"http:\\\/\\\/crkdrpaysdelaloire.fr\\\/index.php\\\/historique-nationaux\\\/\"]}]},{\"@type\":\"BreadcrumbList\",\"@id\":\"http:\\\/\\\/crkdrpaysdelaloire.fr\\\/index.php\\\/historique-nationaux\\\/#breadcrumb\",\"itemListElement\":[{\"@type\":\"ListItem\",\"position\":1,\"name\":\"Accueil\",\"item\":\"https:\\\/\\\/crkdrpaysdelaloire.fr\\\/\"},{\"@type\":\"ListItem\",\"position\":2,\"name\":\"R\u00e9sultats Nationaux Ia\u00efdo\"}]},{\"@type\":\"WebSite\",\"@id\":\"https:\\\/\\\/crkdrpaysdelaloire.fr\\\/#website\",\"url\":\"https:\\\/\\\/crkdrpaysdelaloire.fr\\\/\",\"name\":\"CRK PdL\",\"description\":\"\",\"publisher\":{\"@id\":\"https:\\\/\\\/crkdrpaysdelaloire.fr\\\/#organization\"},\"potentialAction\":[{\"@type\":\"SearchAction\",\"target\":{\"@type\":\"EntryPoint\",\"urlTemplate\":\"https:\\\/\\\/crkdrpaysdelaloire.fr\\\/?s={search_term_string}\"},\"query-input\":{\"@type\":\"PropertyValueSpecification\",\"valueRequired\":true,\"valueName\":\"search_term_string\"}}],\"inLanguage\":\"fr-FR\"},{\"@type\":\"Organization\",\"@id\":\"https:\\\/\\\/crkdrpaysdelaloire.fr\\\/#organization\",\"name\":\"Comit\u00e9 R\u00e9gional de Kendo des Pays de la Loire\",\"url\":\"https:\\\/\\\/crkdrpaysdelaloire.fr\\\/\",\"logo\":{\"@type\":\"ImageObject\",\"inLanguage\":\"fr-FR\",\"@id\":\"https:\\\/\\\/crkdrpaysdelaloire.fr\\\/#\\\/schema\\\/logo\\\/image\\\/\",\"url\":\"http:\\\/\\\/crkdrpaysdelaloire.fr\\\/wp-content\\\/uploads\\\/2021\\\/09\\\/2021-08-25-cnkdrpdl-logo-declinaison-CMJN_LOGO-CMJN-WEB.png\",\"contentUrl\":\"http:\\\/\\\/crkdrpaysdelaloire.fr\\\/wp-content\\\/uploads\\\/2021\\\/09\\\/2021-08-25-cnkdrpdl-logo-declinaison-CMJN_LOGO-CMJN-WEB.png\",\"width\":180,\"height\":180,\"caption\":\"Comit\u00e9 R\u00e9gional de Kendo des Pays de la Loire\"},\"image\":{\"@id\":\"https:\\\/\\\/crkdrpaysdelaloire.fr\\\/#\\\/schema\\\/logo\\\/image\\\/\"},\"sameAs\":[\"https:\\\/\\\/www.facebook.com\\\/crkdr.paysdelaloire\\\/\"]}]}<\/script>\n<!-- \/ Yoast SEO plugin. -->","yoast_head_json":{"title":"R\u00e9sultats Nationaux Ia\u00efdo -","robots":{"index":"index","follow":"follow","max-snippet":"max-snippet:-1","max-image-preview":"max-image-preview:large","max-video-preview":"max-video-preview:-1"},"canonical":"http:\/\/crkdrpaysdelaloire.fr\/index.php\/historique-nationaux\/","og_locale":"fr_FR","og_type":"article","og_title":"R\u00e9sultats Nationaux Ia\u00efdo -","og_description":"R\u00e9sultat en championnat de France : 2015 : 2016 : 2017 : 2018 : 2019 : 2022 :","og_url":"http:\/\/crkdrpaysdelaloire.fr\/index.php\/historique-nationaux\/","article_publisher":"https:\/\/www.facebook.com\/crkdr.paysdelaloire\/","article_modified_time":"2022-12-11T21:21:50+00:00","twitter_card":"summary_large_image","twitter_misc":{"Dur\u00e9e de lecture estim\u00e9e":"1 minute"},"schema":{"@context":"https:\/\/schema.org","@graph":[{"@type":"WebPage","@id":"http:\/\/crkdrpaysdelaloire.fr\/index.php\/historique-nationaux\/","url":"http:\/\/crkdrpaysdelaloire.fr\/index.php\/historique-nationaux\/","name":"R\u00e9sultats Nationaux Ia\u00efdo -","isPartOf":{"@id":"https:\/\/crkdrpaysdelaloire.fr\/#website"},"datePublished":"2021-06-07T17:39:54+00:00","dateModified":"2022-12-11T21:21:50+00:00","breadcrumb":{"@id":"http:\/\/crkdrpaysdelaloire.fr\/index.php\/historique-nationaux\/#breadcrumb"},"inLanguage":"fr-FR","potentialAction":[{"@type":"ReadAction","target":["http:\/\/crkdrpaysdelaloire.fr\/index.php\/historique-nationaux\/"]}]},{"@type":"BreadcrumbList","@id":"http:\/\/crkdrpaysdelaloire.fr\/index.php\/historique-nationaux\/#breadcrumb","itemListElement":[{"@type":"ListItem","position":1,"name":"Accueil","item":"https:\/\/crkdrpaysdelaloire.fr\/"},{"@type":"ListItem","position":2,"name":"R\u00e9sultats Nationaux Ia\u00efdo"}]},{"@type":"WebSite","@id":"https:\/\/crkdrpaysdelaloire.fr\/#website","url":"https:\/\/crkdrpaysdelaloire.fr\/","name":"CRK PdL","description":"","publisher":{"@id":"https:\/\/crkdrpaysdelaloire.fr\/#organization"},"potentialAction":[{"@type":"SearchAction","target":{"@type":"EntryPoint","urlTemplate":"https:\/\/crkdrpaysdelaloire.fr\/?s={search_term_string}"},"query-input":{"@type":"PropertyValueSpecification","valueRequired":true,"valueName":"search_term_string"}}],"inLanguage":"fr-FR"},{"@type":"Organization","@id":"https:\/\/crkdrpaysdelaloire.fr\/#organization","name":"Comit\u00e9 R\u00e9gional de Kendo des Pays de la Loire","url":"https:\/\/crkdrpaysdelaloire.fr\/","logo":{"@type":"ImageObject","inLanguage":"fr-FR","@id":"https:\/\/crkdrpaysdelaloire.fr\/#\/schema\/logo\/image\/","url":"http:\/\/crkdrpaysdelaloire.fr\/wp-content\/uploads\/2021\/09\/2021-08-25-cnkdrpdl-logo-declinaison-CMJN_LOGO-CMJN-WEB.png","contentUrl":"http:\/\/crkdrpaysdelaloire.fr\/wp-content\/uploads\/2021\/09\/2021-08-25-cnkdrpdl-logo-declinaison-CMJN_LOGO-CMJN-WEB.png","width":180,"height":180,"caption":"Comit\u00e9 R\u00e9gional de Kendo des Pays de la Loire"},"image":{"@id":"https:\/\/crkdrpaysdelaloire.fr\/#\/schema\/logo\/image\/"},"sameAs":["https:\/\/www.facebook.com\/crkdr.paysdelaloire\/"]}]}},"jetpack_sharing_enabled":true,"_links":{"self":[{"href":"https:\/\/crkdrpaysdelaloire.fr\/index.php\/wp-json\/wp\/v2\/pages\/817","targetHints":{"allow":["GET"]}}],"collection":[{"href":"https:\/\/crkdrpaysdelaloire.fr\/index.php\/wp-json\/wp\/v2\/pages"}],"about":[{"href":"https:\/\/crkdrpaysdelaloire.fr\/index.php\/wp-json\/wp\/v2\/types\/page"}],"author":[{"embeddable":true,"href":"https:\/\/crkdrpaysdelaloire.fr\/index.php\/wp-json\/wp\/v2\/users\/2"}],"replies":[{"embeddable":true,"href":"https:\/\/crkdrpaysdelaloire.fr\/index.php\/wp-json\/wp\/v2\/comments?post=817"}],"version-history":[{"count":3,"href":"https:\/\/crkdrpaysdelaloire.fr\/index.php\/wp-json\/wp\/v2\/pages\/817\/revisions"}],"predecessor-version":[{"id":1851,"href":"https:\/\/crkdrpaysdelaloire.fr\/index.php\/wp-json\/wp\/v2\/pages\/817\/revisions\/1851"}],"wp:attachment":[{"href":"https:\/\/crkdrpaysdelaloire.fr\/index.php\/wp-json\/wp\/v2\/media?parent=817"}],"curies":[{"name":"wp","href":"https:\/\/api.w.org\/{rel}","templated":true}]}}