{"id":478,"date":"2021-05-02T20:48:31","date_gmt":"2021-05-02T18:48:31","guid":{"rendered":"https:\/\/crkdrpaysdelaloire.wordpress.com\/?page_id=478"},"modified":"2021-10-19T22:00:01","modified_gmt":"2021-10-19T20:00:01","slug":"sport-chanbara","status":"publish","type":"page","link":"https:\/\/crkdrpaysdelaloire.fr\/index.php\/sport-chanbara\/","title":{"rendered":"Sport Chanbara"},"content":{"rendered":"\n<h1 class=\"has-text-align-center wp-block-heading\" style=\"font-size:16px\">Liste des enseignants titulaires de brevets\/certificats f\u00e9d\u00e9raux&nbsp;:<\/h1>\n\n\n\n<p style=\"font-size:15px\">Malavieille Vincent, Merson Fran\u00e7ois.<\/p>\n\n\n\n<h1 class=\"has-text-align-center wp-block-heading\" style=\"font-size:16px\"><strong>Stages organis\u00e9s dans la r\u00e9gion&nbsp;:<\/strong><\/h1>\n\n\n\n<ul class=\"wp-block-list\" style=\"font-size:15px\"><li><strong>2020\/2021 <\/strong>(20 Septembre 2020) Stage de rentr\u00e9e \u00e0 Angers. <ul><li>Encadrement&nbsp;: Daniel Charlemaine, Vincent Malavieille.<\/li><\/ul><\/li><li><strong>2019\/2020 (<\/strong>16 F\u00e9vrier 2020) Stage enseignants \u00e0 St Gilles Croix de Vie. <ul><li>Encadrement : Daniel Charlemaine.<\/li><\/ul><\/li><li><strong>2019\/2020 <\/strong>(12 et 13 Octobre 2019) Stage technique national grand ouest et comp\u00e9tition amicale aux Herbiers. <ul><li>Encadrement&nbsp;: JC Dannemard, Jocelyn Cherruault, J\u00e9r\u00e9my Courtois.<\/li><\/ul><\/li><li><strong>2018\/2019 <\/strong>(20 et 21 avril 2019) Stage technique r\u00e9gional et passages de grades 1er et 2e DAN \u00e0 Nantes. <ul><li>Jury&nbsp;: JC Dannemard, Benjamin Ars\u00e9ne, Lo\u00efc Billiau, J\u00e9r\u00e9my Courtois, Arthur C\u00e9taire.<\/li><\/ul><\/li><li><strong>2018\/2019 <\/strong>(6 et 7 Octobre 2018) Stage technique grand ouest et open par \u00e9quipe aux Herbiers. <ul><li>Encadrement : JC Dannemard, J\u00e9r\u00e9my Courtois.<\/li><\/ul><\/li><li><strong>2017\/2018 (<\/strong>4 Novembre 2017) Stage technique r\u00e9gional \u00e0 Nantes.  <ul><li>Encadrement&nbsp;: C\u00e9line Lescuyer.<\/li><\/ul><\/li><li><strong>2016\/2017 <\/strong>(12 mars 2017<strong>) <\/strong>Stage technique r\u00e9gional \u00e0 Nantes. <ul><li>Encadrement : Arthur C\u00e9taire.<\/li><\/ul><\/li><\/ul>\n","protected":false},"excerpt":{"rendered":"<p>Liste des enseignants titulaires de brevets\/certificats f\u00e9d\u00e9raux&nbsp;: Malavieille Vincent, Merson Fran\u00e7ois. Stages organis\u00e9s dans la r\u00e9gion&nbsp;: 2020\/2021 (20 Septembre 2020) Stage de rentr\u00e9e \u00e0 Angers. Encadrement&nbsp;: Daniel Charlemaine, Vincent Malavieille. 2019\/2020 (16 F\u00e9vrier 2020) Stage enseignants \u00e0 St Gilles Croix de Vie. Encadrement : Daniel Charlemaine. 2019\/2020 (12 et 13 Octobre 2019) Stage technique national<a class=\"more-link\" href=\"https:\/\/crkdrpaysdelaloire.fr\/index.php\/sport-chanbara\/\">Lire la suite <span class=\"screen-reader-text\">\u00ab\u00a0Sport Chanbara\u00a0\u00bb<\/span><\/a><\/p>\n","protected":false},"author":2,"featured_media":0,"parent":0,"menu_order":0,"comment_status":"closed","ping_status":"closed","template":"","meta":{"footnotes":""},"class_list":["post-478","page","type-page","status-publish","hentry","entry"],"yoast_head":"<!-- This site is optimized with the Yoast SEO plugin v27.4 - https:\/\/yoast.com\/product\/yoast-seo-wordpress\/ -->\n<title>Sport Chanbara -<\/title>\n<meta name=\"robots\" content=\"index, follow, max-snippet:-1, max-image-preview:large, max-video-preview:-1\" \/>\n<link rel=\"canonical\" href=\"https:\/\/crkdrpaysdelaloire.fr\/index.php\/sport-chanbara\/\" \/>\n<meta property=\"og:locale\" content=\"fr_FR\" \/>\n<meta property=\"og:type\" content=\"article\" \/>\n<meta property=\"og:title\" content=\"Sport Chanbara -\" \/>\n<meta property=\"og:description\" content=\"Liste des enseignants titulaires de brevets\/certificats f\u00e9d\u00e9raux&nbsp;: Malavieille Vincent, Merson Fran\u00e7ois. Stages organis\u00e9s dans la r\u00e9gion&nbsp;: 2020\/2021 (20 Septembre 2020) Stage de rentr\u00e9e \u00e0 Angers. Encadrement&nbsp;: Daniel Charlemaine, Vincent Malavieille. 2019\/2020 (16 F\u00e9vrier 2020) Stage enseignants \u00e0 St Gilles Croix de Vie. Encadrement : Daniel Charlemaine. 2019\/2020 (12 et 13 Octobre 2019) Stage technique nationalLire la suite &quot;Sport Chanbara&quot;\" \/>\n<meta property=\"og:url\" content=\"https:\/\/crkdrpaysdelaloire.fr\/index.php\/sport-chanbara\/\" \/>\n<meta property=\"article:publisher\" content=\"https:\/\/www.facebook.com\/crkdr.paysdelaloire\/\" \/>\n<meta property=\"article:modified_time\" content=\"2021-10-19T20:00:01+00:00\" \/>\n<meta name=\"twitter:card\" content=\"summary_large_image\" \/>\n<meta name=\"twitter:label1\" content=\"Dur\u00e9e de lecture estim\u00e9e\" \/>\n\t<meta name=\"twitter:data1\" content=\"1 minute\" \/>\n<script type=\"application\/ld+json\" class=\"yoast-schema-graph\">{\"@context\":\"https:\\\/\\\/schema.org\",\"@graph\":[{\"@type\":\"WebPage\",\"@id\":\"https:\\\/\\\/crkdrpaysdelaloire.fr\\\/index.php\\\/sport-chanbara\\\/\",\"url\":\"https:\\\/\\\/crkdrpaysdelaloire.fr\\\/index.php\\\/sport-chanbara\\\/\",\"name\":\"Sport Chanbara -\",\"isPartOf\":{\"@id\":\"https:\\\/\\\/crkdrpaysdelaloire.fr\\\/#website\"},\"datePublished\":\"2021-05-02T18:48:31+00:00\",\"dateModified\":\"2021-10-19T20:00:01+00:00\",\"breadcrumb\":{\"@id\":\"https:\\\/\\\/crkdrpaysdelaloire.fr\\\/index.php\\\/sport-chanbara\\\/#breadcrumb\"},\"inLanguage\":\"fr-FR\",\"potentialAction\":[{\"@type\":\"ReadAction\",\"target\":[\"https:\\\/\\\/crkdrpaysdelaloire.fr\\\/index.php\\\/sport-chanbara\\\/\"]}]},{\"@type\":\"BreadcrumbList\",\"@id\":\"https:\\\/\\\/crkdrpaysdelaloire.fr\\\/index.php\\\/sport-chanbara\\\/#breadcrumb\",\"itemListElement\":[{\"@type\":\"ListItem\",\"position\":1,\"name\":\"Accueil\",\"item\":\"https:\\\/\\\/crkdrpaysdelaloire.fr\\\/\"},{\"@type\":\"ListItem\",\"position\":2,\"name\":\"Sport Chanbara\"}]},{\"@type\":\"WebSite\",\"@id\":\"https:\\\/\\\/crkdrpaysdelaloire.fr\\\/#website\",\"url\":\"https:\\\/\\\/crkdrpaysdelaloire.fr\\\/\",\"name\":\"CRK PdL\",\"description\":\"\",\"publisher\":{\"@id\":\"https:\\\/\\\/crkdrpaysdelaloire.fr\\\/#organization\"},\"potentialAction\":[{\"@type\":\"SearchAction\",\"target\":{\"@type\":\"EntryPoint\",\"urlTemplate\":\"https:\\\/\\\/crkdrpaysdelaloire.fr\\\/?s={search_term_string}\"},\"query-input\":{\"@type\":\"PropertyValueSpecification\",\"valueRequired\":true,\"valueName\":\"search_term_string\"}}],\"inLanguage\":\"fr-FR\"},{\"@type\":\"Organization\",\"@id\":\"https:\\\/\\\/crkdrpaysdelaloire.fr\\\/#organization\",\"name\":\"Comit\u00e9 R\u00e9gional de Kendo des Pays de la Loire\",\"url\":\"https:\\\/\\\/crkdrpaysdelaloire.fr\\\/\",\"logo\":{\"@type\":\"ImageObject\",\"inLanguage\":\"fr-FR\",\"@id\":\"https:\\\/\\\/crkdrpaysdelaloire.fr\\\/#\\\/schema\\\/logo\\\/image\\\/\",\"url\":\"http:\\\/\\\/crkdrpaysdelaloire.fr\\\/wp-content\\\/uploads\\\/2021\\\/09\\\/2021-08-25-cnkdrpdl-logo-declinaison-CMJN_LOGO-CMJN-WEB.png\",\"contentUrl\":\"http:\\\/\\\/crkdrpaysdelaloire.fr\\\/wp-content\\\/uploads\\\/2021\\\/09\\\/2021-08-25-cnkdrpdl-logo-declinaison-CMJN_LOGO-CMJN-WEB.png\",\"width\":180,\"height\":180,\"caption\":\"Comit\u00e9 R\u00e9gional de Kendo des Pays de la Loire\"},\"image\":{\"@id\":\"https:\\\/\\\/crkdrpaysdelaloire.fr\\\/#\\\/schema\\\/logo\\\/image\\\/\"},\"sameAs\":[\"https:\\\/\\\/www.facebook.com\\\/crkdr.paysdelaloire\\\/\"]}]}<\/script>\n<!-- \/ Yoast SEO plugin. -->","yoast_head_json":{"title":"Sport Chanbara -","robots":{"index":"index","follow":"follow","max-snippet":"max-snippet:-1","max-image-preview":"max-image-preview:large","max-video-preview":"max-video-preview:-1"},"canonical":"https:\/\/crkdrpaysdelaloire.fr\/index.php\/sport-chanbara\/","og_locale":"fr_FR","og_type":"article","og_title":"Sport Chanbara -","og_description":"Liste des enseignants titulaires de brevets\/certificats f\u00e9d\u00e9raux&nbsp;: Malavieille Vincent, Merson Fran\u00e7ois. Stages organis\u00e9s dans la r\u00e9gion&nbsp;: 2020\/2021 (20 Septembre 2020) Stage de rentr\u00e9e \u00e0 Angers. Encadrement&nbsp;: Daniel Charlemaine, Vincent Malavieille. 2019\/2020 (16 F\u00e9vrier 2020) Stage enseignants \u00e0 St Gilles Croix de Vie. Encadrement : Daniel Charlemaine. 2019\/2020 (12 et 13 Octobre 2019) Stage technique nationalLire la suite \"Sport Chanbara\"","og_url":"https:\/\/crkdrpaysdelaloire.fr\/index.php\/sport-chanbara\/","article_publisher":"https:\/\/www.facebook.com\/crkdr.paysdelaloire\/","article_modified_time":"2021-10-19T20:00:01+00:00","twitter_card":"summary_large_image","twitter_misc":{"Dur\u00e9e de lecture estim\u00e9e":"1 minute"},"schema":{"@context":"https:\/\/schema.org","@graph":[{"@type":"WebPage","@id":"https:\/\/crkdrpaysdelaloire.fr\/index.php\/sport-chanbara\/","url":"https:\/\/crkdrpaysdelaloire.fr\/index.php\/sport-chanbara\/","name":"Sport Chanbara -","isPartOf":{"@id":"https:\/\/crkdrpaysdelaloire.fr\/#website"},"datePublished":"2021-05-02T18:48:31+00:00","dateModified":"2021-10-19T20:00:01+00:00","breadcrumb":{"@id":"https:\/\/crkdrpaysdelaloire.fr\/index.php\/sport-chanbara\/#breadcrumb"},"inLanguage":"fr-FR","potentialAction":[{"@type":"ReadAction","target":["https:\/\/crkdrpaysdelaloire.fr\/index.php\/sport-chanbara\/"]}]},{"@type":"BreadcrumbList","@id":"https:\/\/crkdrpaysdelaloire.fr\/index.php\/sport-chanbara\/#breadcrumb","itemListElement":[{"@type":"ListItem","position":1,"name":"Accueil","item":"https:\/\/crkdrpaysdelaloire.fr\/"},{"@type":"ListItem","position":2,"name":"Sport Chanbara"}]},{"@type":"WebSite","@id":"https:\/\/crkdrpaysdelaloire.fr\/#website","url":"https:\/\/crkdrpaysdelaloire.fr\/","name":"CRK PdL","description":"","publisher":{"@id":"https:\/\/crkdrpaysdelaloire.fr\/#organization"},"potentialAction":[{"@type":"SearchAction","target":{"@type":"EntryPoint","urlTemplate":"https:\/\/crkdrpaysdelaloire.fr\/?s={search_term_string}"},"query-input":{"@type":"PropertyValueSpecification","valueRequired":true,"valueName":"search_term_string"}}],"inLanguage":"fr-FR"},{"@type":"Organization","@id":"https:\/\/crkdrpaysdelaloire.fr\/#organization","name":"Comit\u00e9 R\u00e9gional de Kendo des Pays de la Loire","url":"https:\/\/crkdrpaysdelaloire.fr\/","logo":{"@type":"ImageObject","inLanguage":"fr-FR","@id":"https:\/\/crkdrpaysdelaloire.fr\/#\/schema\/logo\/image\/","url":"http:\/\/crkdrpaysdelaloire.fr\/wp-content\/uploads\/2021\/09\/2021-08-25-cnkdrpdl-logo-declinaison-CMJN_LOGO-CMJN-WEB.png","contentUrl":"http:\/\/crkdrpaysdelaloire.fr\/wp-content\/uploads\/2021\/09\/2021-08-25-cnkdrpdl-logo-declinaison-CMJN_LOGO-CMJN-WEB.png","width":180,"height":180,"caption":"Comit\u00e9 R\u00e9gional de Kendo des Pays de la Loire"},"image":{"@id":"https:\/\/crkdrpaysdelaloire.fr\/#\/schema\/logo\/image\/"},"sameAs":["https:\/\/www.facebook.com\/crkdr.paysdelaloire\/"]}]}},"jetpack_sharing_enabled":true,"_links":{"self":[{"href":"https:\/\/crkdrpaysdelaloire.fr\/index.php\/wp-json\/wp\/v2\/pages\/478","targetHints":{"allow":["GET"]}}],"collection":[{"href":"https:\/\/crkdrpaysdelaloire.fr\/index.php\/wp-json\/wp\/v2\/pages"}],"about":[{"href":"https:\/\/crkdrpaysdelaloire.fr\/index.php\/wp-json\/wp\/v2\/types\/page"}],"author":[{"embeddable":true,"href":"https:\/\/crkdrpaysdelaloire.fr\/index.php\/wp-json\/wp\/v2\/users\/2"}],"replies":[{"embeddable":true,"href":"https:\/\/crkdrpaysdelaloire.fr\/index.php\/wp-json\/wp\/v2\/comments?post=478"}],"version-history":[{"count":1,"href":"https:\/\/crkdrpaysdelaloire.fr\/index.php\/wp-json\/wp\/v2\/pages\/478\/revisions"}],"predecessor-version":[{"id":1136,"href":"https:\/\/crkdrpaysdelaloire.fr\/index.php\/wp-json\/wp\/v2\/pages\/478\/revisions\/1136"}],"wp:attachment":[{"href":"https:\/\/crkdrpaysdelaloire.fr\/index.php\/wp-json\/wp\/v2\/media?parent=478"}],"curies":[{"name":"wp","href":"https:\/\/api.w.org\/{rel}","templated":true}]}}