{"id":319,"date":"2021-04-29T23:06:16","date_gmt":"2021-04-29T21:06:16","guid":{"rendered":"https:\/\/crkdrpaysdelaloire.wordpress.com\/?page_id=319"},"modified":"2024-06-19T13:58:40","modified_gmt":"2024-06-19T11:58:40","slug":"qui-sommes-nous","status":"publish","type":"page","link":"https:\/\/crkdrpaysdelaloire.fr\/index.php\/home\/blog\/qui-sommes-nous\/","title":{"rendered":"Qui sommes nous?"},"content":{"rendered":"\n<p class=\"has-text-align-justify\">Les CRKDR (Commission R\u00e9gionale de Kendo et Disciplines Rattach\u00e9es) sont des commissions des Ligues de Judo dont elles d\u00e9pendent d&rsquo;un point de vue administratif et budg\u00e9taire. Elles ont en parall\u00e8le un rattachement fonctionnel au CNKDR.<\/p>\n\n\n\n<p class=\"has-text-align-justify\">Elu pour un mandat de 4 ans (dur\u00e9e d&rsquo;une Olympiade), le Comit\u00e9 Directeur de la CRKDR propose la nomination de DTR en charge du d\u00e9veloppement des disciplines. <\/p>\n\n\n\n<p class=\"has-text-align-justify\">En ce qui nous concerne, nous relevons donc de la Ligue de Judo des Pays de la Loire pr\u00e9sid\u00e9e par <strong>Christian LE CRANN<\/strong> dont le si\u00e8ge est \u00e0 Angers.<\/p>\n\n\n\n<figure class=\"wp-block-gallery has-nested-images columns-default is-cropped wp-block-gallery-1 is-layout-flex wp-block-gallery-is-layout-flex\">\n<figure class=\"wp-block-image size-large\"><img loading=\"lazy\" decoding=\"async\" width=\"983\" height=\"1024\" data-id=\"988\" src=\"https:\/\/crkdrpaysdelaloire.fr\/wp-content\/uploads\/2021\/09\/LOGO-JUDO-PDL-1-983x1024.jpg\" alt=\"\" class=\"wp-image-988\" srcset=\"https:\/\/crkdrpaysdelaloire.fr\/wp-content\/uploads\/2021\/09\/LOGO-JUDO-PDL-1-983x1024.jpg 983w, https:\/\/crkdrpaysdelaloire.fr\/wp-content\/uploads\/2021\/09\/LOGO-JUDO-PDL-1-288x300.jpg 288w, https:\/\/crkdrpaysdelaloire.fr\/wp-content\/uploads\/2021\/09\/LOGO-JUDO-PDL-1-768x800.jpg 768w, https:\/\/crkdrpaysdelaloire.fr\/wp-content\/uploads\/2021\/09\/LOGO-JUDO-PDL-1-1474x1536.jpg 1474w, https:\/\/crkdrpaysdelaloire.fr\/wp-content\/uploads\/2021\/09\/LOGO-JUDO-PDL-1-1965x2048.jpg 1965w, https:\/\/crkdrpaysdelaloire.fr\/wp-content\/uploads\/2021\/09\/LOGO-JUDO-PDL-1-1568x1634.jpg 1568w\" sizes=\"auto, (max-width: 983px) 100vw, 983px\" \/><\/figure>\n<\/figure>\n\n\n\n<p>Nos statuts sont reproduits ci-dessous:<\/p>\n\n\n\n<figure class=\"wp-block-gallery aligncenter has-nested-images columns-default is-cropped wp-block-gallery-2 is-layout-flex wp-block-gallery-is-layout-flex\">\n<figure class=\"wp-block-image size-large\"><img loading=\"lazy\" decoding=\"async\" width=\"559\" height=\"702\" data-id=\"1012\" src=\"https:\/\/crkdrpaysdelaloire.fr\/wp-content\/uploads\/2021\/09\/sans-titre.jpg\" alt=\"\" class=\"wp-image-1012\" srcset=\"https:\/\/crkdrpaysdelaloire.fr\/wp-content\/uploads\/2021\/09\/sans-titre.jpg 559w, https:\/\/crkdrpaysdelaloire.fr\/wp-content\/uploads\/2021\/09\/sans-titre-239x300.jpg 239w\" sizes=\"auto, (max-width: 559px) 100vw, 559px\" \/><\/figure>\n<\/figure>\n\n\n\n<p class=\"has-text-align-center\">Source : Textes officiels FFJDA 2020\/2021<\/p>\n\n\n\n<hr class=\"wp-block-separator has-css-opacity\"\/>\n\n\n\n<p>La CRKDR des Pays de la Loire actuellement pr\u00e9sid\u00e9e par <strong>Alexandre POLONI<\/strong> depuis 2024 fut pr\u00e9c\u00e9demment pr\u00e9sid\u00e9e par :<\/p>\n\n\n\n<ul class=\"wp-block-list\">\n<li><strong>Franck HAROU<\/strong> de 2016 \u00e0 2024<\/li>\n\n\n\n<li><strong>Jean Claude BOUSIQUE<\/strong>\u00a0d\u2019aout 1985 \u00e0 1987 puis de 1992 \u00e0 2016<\/li>\n\n\n\n<li><strong>Jean CHAMPIGNE<\/strong>\u00a0de 1988 \u00e0 1992<\/li>\n<\/ul>\n\n\n\n<p><\/p>\n","protected":false},"excerpt":{"rendered":"<p>Les CRKDR (Commission R\u00e9gionale de Kendo et Disciplines Rattach\u00e9es) sont des commissions des Ligues de Judo dont elles d\u00e9pendent d&rsquo;un point de vue administratif et budg\u00e9taire. Elles ont en parall\u00e8le un rattachement fonctionnel au CNKDR. Elu pour un mandat de 4 ans (dur\u00e9e d&rsquo;une Olympiade), le Comit\u00e9 Directeur de la CRKDR propose la nomination de<a class=\"more-link\" href=\"https:\/\/crkdrpaysdelaloire.fr\/index.php\/home\/blog\/qui-sommes-nous\/\">Lire la suite <span class=\"screen-reader-text\">\u00ab\u00a0Qui sommes nous?\u00a0\u00bb<\/span><\/a><\/p>\n","protected":false},"author":2,"featured_media":0,"parent":10,"menu_order":1,"comment_status":"closed","ping_status":"closed","template":"","meta":{"footnotes":""},"class_list":["post-319","page","type-page","status-publish","hentry","entry"],"yoast_head":"<!-- This site is optimized with the Yoast SEO plugin v27.4 - https:\/\/yoast.com\/product\/yoast-seo-wordpress\/ -->\n<title>Qui sommes nous? -<\/title>\n<meta name=\"robots\" content=\"index, follow, max-snippet:-1, max-image-preview:large, max-video-preview:-1\" \/>\n<link rel=\"canonical\" href=\"https:\/\/crkdrpaysdelaloire.fr\/index.php\/home\/blog\/qui-sommes-nous\/\" \/>\n<meta property=\"og:locale\" content=\"fr_FR\" \/>\n<meta property=\"og:type\" content=\"article\" \/>\n<meta property=\"og:title\" content=\"Qui sommes nous? -\" \/>\n<meta property=\"og:description\" content=\"Les CRKDR (Commission R\u00e9gionale de Kendo et Disciplines Rattach\u00e9es) sont des commissions des Ligues de Judo dont elles d\u00e9pendent d&rsquo;un point de vue administratif et budg\u00e9taire. Elles ont en parall\u00e8le un rattachement fonctionnel au CNKDR. Elu pour un mandat de 4 ans (dur\u00e9e d&rsquo;une Olympiade), le Comit\u00e9 Directeur de la CRKDR propose la nomination deLire la suite &quot;Qui sommes nous?&quot;\" \/>\n<meta property=\"og:url\" content=\"https:\/\/crkdrpaysdelaloire.fr\/index.php\/home\/blog\/qui-sommes-nous\/\" \/>\n<meta property=\"article:publisher\" content=\"https:\/\/www.facebook.com\/crkdr.paysdelaloire\/\" \/>\n<meta property=\"article:modified_time\" content=\"2024-06-19T11:58:40+00:00\" \/>\n<meta property=\"og:image\" content=\"https:\/\/crkdrpaysdelaloire.fr\/wp-content\/uploads\/2021\/09\/LOGO-JUDO-PDL-1-983x1024.jpg\" \/>\n<meta name=\"twitter:card\" content=\"summary_large_image\" \/>\n<meta name=\"twitter:label1\" content=\"Dur\u00e9e de lecture estim\u00e9e\" \/>\n\t<meta name=\"twitter:data1\" content=\"2 minutes\" \/>\n<script type=\"application\/ld+json\" class=\"yoast-schema-graph\">{\"@context\":\"https:\\\/\\\/schema.org\",\"@graph\":[{\"@type\":\"WebPage\",\"@id\":\"https:\\\/\\\/crkdrpaysdelaloire.fr\\\/index.php\\\/home\\\/blog\\\/qui-sommes-nous\\\/\",\"url\":\"https:\\\/\\\/crkdrpaysdelaloire.fr\\\/index.php\\\/home\\\/blog\\\/qui-sommes-nous\\\/\",\"name\":\"Qui sommes nous? -\",\"isPartOf\":{\"@id\":\"https:\\\/\\\/crkdrpaysdelaloire.fr\\\/#website\"},\"primaryImageOfPage\":{\"@id\":\"https:\\\/\\\/crkdrpaysdelaloire.fr\\\/index.php\\\/home\\\/blog\\\/qui-sommes-nous\\\/#primaryimage\"},\"image\":{\"@id\":\"https:\\\/\\\/crkdrpaysdelaloire.fr\\\/index.php\\\/home\\\/blog\\\/qui-sommes-nous\\\/#primaryimage\"},\"thumbnailUrl\":\"https:\\\/\\\/crkdrpaysdelaloire.fr\\\/wp-content\\\/uploads\\\/2021\\\/09\\\/LOGO-JUDO-PDL-1-983x1024.jpg\",\"datePublished\":\"2021-04-29T21:06:16+00:00\",\"dateModified\":\"2024-06-19T11:58:40+00:00\",\"breadcrumb\":{\"@id\":\"https:\\\/\\\/crkdrpaysdelaloire.fr\\\/index.php\\\/home\\\/blog\\\/qui-sommes-nous\\\/#breadcrumb\"},\"inLanguage\":\"fr-FR\",\"potentialAction\":[{\"@type\":\"ReadAction\",\"target\":[\"https:\\\/\\\/crkdrpaysdelaloire.fr\\\/index.php\\\/home\\\/blog\\\/qui-sommes-nous\\\/\"]}]},{\"@type\":\"ImageObject\",\"inLanguage\":\"fr-FR\",\"@id\":\"https:\\\/\\\/crkdrpaysdelaloire.fr\\\/index.php\\\/home\\\/blog\\\/qui-sommes-nous\\\/#primaryimage\",\"url\":\"https:\\\/\\\/crkdrpaysdelaloire.fr\\\/wp-content\\\/uploads\\\/2021\\\/09\\\/LOGO-JUDO-PDL-1.jpg\",\"contentUrl\":\"https:\\\/\\\/crkdrpaysdelaloire.fr\\\/wp-content\\\/uploads\\\/2021\\\/09\\\/LOGO-JUDO-PDL-1.jpg\",\"width\":2140,\"height\":2230},{\"@type\":\"BreadcrumbList\",\"@id\":\"https:\\\/\\\/crkdrpaysdelaloire.fr\\\/index.php\\\/home\\\/blog\\\/qui-sommes-nous\\\/#breadcrumb\",\"itemListElement\":[{\"@type\":\"ListItem\",\"position\":1,\"name\":\"Accueil\",\"item\":\"https:\\\/\\\/crkdrpaysdelaloire.fr\\\/\"},{\"@type\":\"ListItem\",\"position\":2,\"name\":\"Bienvenue en Pays de la Loire\",\"item\":\"https:\\\/\\\/crkdrpaysdelaloire.fr\\\/\"},{\"@type\":\"ListItem\",\"position\":3,\"name\":\"Vos \u00e9lus et DTR\",\"item\":\"http:\\\/\\\/crkdrpaysdelaloire.fr\\\/index.php\\\/home\\\/blog\\\/\"},{\"@type\":\"ListItem\",\"position\":4,\"name\":\"Qui sommes nous?\"}]},{\"@type\":\"WebSite\",\"@id\":\"https:\\\/\\\/crkdrpaysdelaloire.fr\\\/#website\",\"url\":\"https:\\\/\\\/crkdrpaysdelaloire.fr\\\/\",\"name\":\"CRK PdL\",\"description\":\"\",\"publisher\":{\"@id\":\"https:\\\/\\\/crkdrpaysdelaloire.fr\\\/#organization\"},\"potentialAction\":[{\"@type\":\"SearchAction\",\"target\":{\"@type\":\"EntryPoint\",\"urlTemplate\":\"https:\\\/\\\/crkdrpaysdelaloire.fr\\\/?s={search_term_string}\"},\"query-input\":{\"@type\":\"PropertyValueSpecification\",\"valueRequired\":true,\"valueName\":\"search_term_string\"}}],\"inLanguage\":\"fr-FR\"},{\"@type\":\"Organization\",\"@id\":\"https:\\\/\\\/crkdrpaysdelaloire.fr\\\/#organization\",\"name\":\"Comit\u00e9 R\u00e9gional de Kendo des Pays de la Loire\",\"url\":\"https:\\\/\\\/crkdrpaysdelaloire.fr\\\/\",\"logo\":{\"@type\":\"ImageObject\",\"inLanguage\":\"fr-FR\",\"@id\":\"https:\\\/\\\/crkdrpaysdelaloire.fr\\\/#\\\/schema\\\/logo\\\/image\\\/\",\"url\":\"http:\\\/\\\/crkdrpaysdelaloire.fr\\\/wp-content\\\/uploads\\\/2021\\\/09\\\/2021-08-25-cnkdrpdl-logo-declinaison-CMJN_LOGO-CMJN-WEB.png\",\"contentUrl\":\"http:\\\/\\\/crkdrpaysdelaloire.fr\\\/wp-content\\\/uploads\\\/2021\\\/09\\\/2021-08-25-cnkdrpdl-logo-declinaison-CMJN_LOGO-CMJN-WEB.png\",\"width\":180,\"height\":180,\"caption\":\"Comit\u00e9 R\u00e9gional de Kendo des Pays de la Loire\"},\"image\":{\"@id\":\"https:\\\/\\\/crkdrpaysdelaloire.fr\\\/#\\\/schema\\\/logo\\\/image\\\/\"},\"sameAs\":[\"https:\\\/\\\/www.facebook.com\\\/crkdr.paysdelaloire\\\/\"]}]}<\/script>\n<!-- \/ Yoast SEO plugin. -->","yoast_head_json":{"title":"Qui sommes nous? -","robots":{"index":"index","follow":"follow","max-snippet":"max-snippet:-1","max-image-preview":"max-image-preview:large","max-video-preview":"max-video-preview:-1"},"canonical":"https:\/\/crkdrpaysdelaloire.fr\/index.php\/home\/blog\/qui-sommes-nous\/","og_locale":"fr_FR","og_type":"article","og_title":"Qui sommes nous? -","og_description":"Les CRKDR (Commission R\u00e9gionale de Kendo et Disciplines Rattach\u00e9es) sont des commissions des Ligues de Judo dont elles d\u00e9pendent d&rsquo;un point de vue administratif et budg\u00e9taire. Elles ont en parall\u00e8le un rattachement fonctionnel au CNKDR. Elu pour un mandat de 4 ans (dur\u00e9e d&rsquo;une Olympiade), le Comit\u00e9 Directeur de la CRKDR propose la nomination deLire la suite \"Qui sommes nous?\"","og_url":"https:\/\/crkdrpaysdelaloire.fr\/index.php\/home\/blog\/qui-sommes-nous\/","article_publisher":"https:\/\/www.facebook.com\/crkdr.paysdelaloire\/","article_modified_time":"2024-06-19T11:58:40+00:00","og_image":[{"url":"https:\/\/crkdrpaysdelaloire.fr\/wp-content\/uploads\/2021\/09\/LOGO-JUDO-PDL-1-983x1024.jpg","type":"","width":"","height":""}],"twitter_card":"summary_large_image","twitter_misc":{"Dur\u00e9e de lecture estim\u00e9e":"2 minutes"},"schema":{"@context":"https:\/\/schema.org","@graph":[{"@type":"WebPage","@id":"https:\/\/crkdrpaysdelaloire.fr\/index.php\/home\/blog\/qui-sommes-nous\/","url":"https:\/\/crkdrpaysdelaloire.fr\/index.php\/home\/blog\/qui-sommes-nous\/","name":"Qui sommes nous? -","isPartOf":{"@id":"https:\/\/crkdrpaysdelaloire.fr\/#website"},"primaryImageOfPage":{"@id":"https:\/\/crkdrpaysdelaloire.fr\/index.php\/home\/blog\/qui-sommes-nous\/#primaryimage"},"image":{"@id":"https:\/\/crkdrpaysdelaloire.fr\/index.php\/home\/blog\/qui-sommes-nous\/#primaryimage"},"thumbnailUrl":"https:\/\/crkdrpaysdelaloire.fr\/wp-content\/uploads\/2021\/09\/LOGO-JUDO-PDL-1-983x1024.jpg","datePublished":"2021-04-29T21:06:16+00:00","dateModified":"2024-06-19T11:58:40+00:00","breadcrumb":{"@id":"https:\/\/crkdrpaysdelaloire.fr\/index.php\/home\/blog\/qui-sommes-nous\/#breadcrumb"},"inLanguage":"fr-FR","potentialAction":[{"@type":"ReadAction","target":["https:\/\/crkdrpaysdelaloire.fr\/index.php\/home\/blog\/qui-sommes-nous\/"]}]},{"@type":"ImageObject","inLanguage":"fr-FR","@id":"https:\/\/crkdrpaysdelaloire.fr\/index.php\/home\/blog\/qui-sommes-nous\/#primaryimage","url":"https:\/\/crkdrpaysdelaloire.fr\/wp-content\/uploads\/2021\/09\/LOGO-JUDO-PDL-1.jpg","contentUrl":"https:\/\/crkdrpaysdelaloire.fr\/wp-content\/uploads\/2021\/09\/LOGO-JUDO-PDL-1.jpg","width":2140,"height":2230},{"@type":"BreadcrumbList","@id":"https:\/\/crkdrpaysdelaloire.fr\/index.php\/home\/blog\/qui-sommes-nous\/#breadcrumb","itemListElement":[{"@type":"ListItem","position":1,"name":"Accueil","item":"https:\/\/crkdrpaysdelaloire.fr\/"},{"@type":"ListItem","position":2,"name":"Bienvenue en Pays de la Loire","item":"https:\/\/crkdrpaysdelaloire.fr\/"},{"@type":"ListItem","position":3,"name":"Vos \u00e9lus et DTR","item":"http:\/\/crkdrpaysdelaloire.fr\/index.php\/home\/blog\/"},{"@type":"ListItem","position":4,"name":"Qui sommes nous?"}]},{"@type":"WebSite","@id":"https:\/\/crkdrpaysdelaloire.fr\/#website","url":"https:\/\/crkdrpaysdelaloire.fr\/","name":"CRK PdL","description":"","publisher":{"@id":"https:\/\/crkdrpaysdelaloire.fr\/#organization"},"potentialAction":[{"@type":"SearchAction","target":{"@type":"EntryPoint","urlTemplate":"https:\/\/crkdrpaysdelaloire.fr\/?s={search_term_string}"},"query-input":{"@type":"PropertyValueSpecification","valueRequired":true,"valueName":"search_term_string"}}],"inLanguage":"fr-FR"},{"@type":"Organization","@id":"https:\/\/crkdrpaysdelaloire.fr\/#organization","name":"Comit\u00e9 R\u00e9gional de Kendo des Pays de la Loire","url":"https:\/\/crkdrpaysdelaloire.fr\/","logo":{"@type":"ImageObject","inLanguage":"fr-FR","@id":"https:\/\/crkdrpaysdelaloire.fr\/#\/schema\/logo\/image\/","url":"http:\/\/crkdrpaysdelaloire.fr\/wp-content\/uploads\/2021\/09\/2021-08-25-cnkdrpdl-logo-declinaison-CMJN_LOGO-CMJN-WEB.png","contentUrl":"http:\/\/crkdrpaysdelaloire.fr\/wp-content\/uploads\/2021\/09\/2021-08-25-cnkdrpdl-logo-declinaison-CMJN_LOGO-CMJN-WEB.png","width":180,"height":180,"caption":"Comit\u00e9 R\u00e9gional de Kendo des Pays de la Loire"},"image":{"@id":"https:\/\/crkdrpaysdelaloire.fr\/#\/schema\/logo\/image\/"},"sameAs":["https:\/\/www.facebook.com\/crkdr.paysdelaloire\/"]}]}},"jetpack_sharing_enabled":true,"_links":{"self":[{"href":"https:\/\/crkdrpaysdelaloire.fr\/index.php\/wp-json\/wp\/v2\/pages\/319","targetHints":{"allow":["GET"]}}],"collection":[{"href":"https:\/\/crkdrpaysdelaloire.fr\/index.php\/wp-json\/wp\/v2\/pages"}],"about":[{"href":"https:\/\/crkdrpaysdelaloire.fr\/index.php\/wp-json\/wp\/v2\/types\/page"}],"author":[{"embeddable":true,"href":"https:\/\/crkdrpaysdelaloire.fr\/index.php\/wp-json\/wp\/v2\/users\/2"}],"replies":[{"embeddable":true,"href":"https:\/\/crkdrpaysdelaloire.fr\/index.php\/wp-json\/wp\/v2\/comments?post=319"}],"version-history":[{"count":4,"href":"https:\/\/crkdrpaysdelaloire.fr\/index.php\/wp-json\/wp\/v2\/pages\/319\/revisions"}],"predecessor-version":[{"id":3077,"href":"https:\/\/crkdrpaysdelaloire.fr\/index.php\/wp-json\/wp\/v2\/pages\/319\/revisions\/3077"}],"up":[{"embeddable":true,"href":"https:\/\/crkdrpaysdelaloire.fr\/index.php\/wp-json\/wp\/v2\/pages\/10"}],"wp:attachment":[{"href":"https:\/\/crkdrpaysdelaloire.fr\/index.php\/wp-json\/wp\/v2\/media?parent=319"}],"curies":[{"name":"wp","href":"https:\/\/api.w.org\/{rel}","templated":true}]}}